 2755?
5, 19, 29
List the prime factors of 24144.
2, 3, 503
List the prime factors of 61059.
3, 20353
List the prime factors of 3604.
2, 17, 53
List the prime factors of 164979.
3, 23, 797
What are the prime factors of 2424?
2, 3, 101
What are the prime factors of 27703?
13, 2131
What are the prime factors of 1053?
3, 13
What are the prime factors of 36164?
2, 9041
List the prime factors of 1439.
1439
List the prime factors of 1276.
2, 11, 29
List the prime factors of 405.
3, 5
List the prime factors of 1366.
2, 683
What are the prime factors of 7394?
2, 3697
List the prime factors of 1703.
13, 131
List the prime factors of 57.
3, 19
List the prime factors of 1757.
7, 251
What are the prime factors of 2020?
2, 5, 101
List the prime factors of 2537.
43, 59
List the prime factors of 5426.
2, 2713
List the prime factors of 3267.
3, 11
What are the prime factors of 59207?
59207
What are the prime factors of 3926?
2, 13, 151
List the prime factors of 20892.
2, 3, 1741
What are the prime factors of 8073?
3, 13, 23
List the prime factors of 61102.
2, 137, 223
List the prime factors of 199.
199
List the prime factors of 2578.
2, 1289
List the prime factors of 2256.
2, 3, 47
List the prime factors of 4458.
2, 3, 743
List the prime factors of 31114.
2, 47, 331
List the prime factors of 103631.
11, 9421
List the prime factors of 39827.
39827
List the prime factors of 93639.
3, 7, 13
List the prime factors of 1031.
1031
What are the prime factors of 29804?
2, 7451
What are the prime factors of 37285?
5, 7457
What are the prime factors of 350?
2, 5, 7
List the prime factors of 33730.
2, 5, 3373
List the prime factors of 3242.
2, 1621
What are the prime factors of 24835?
5, 4967
List the prime factors of 1048.
2, 131
What are the prime factors of 388?
2, 97
What are the prime factors of 5793?
3, 1931
What are the prime factors of 922?
2, 461
What are the prime factors of 39807?
3, 4423
List the prime factors of 537.
3, 179
List the prime factors of 67710.
2, 3, 5, 37, 61
What are the prime factors of 7386?
2, 3, 1231
What are the prime factors of 130811?
130811
List the prime factors of 9.
3
What are the prime factors of 151?
151
What are the prime factors of 6870?
2, 3, 5, 229
List the prime factors of 4555.
5, 911
What are the prime factors of 8494?
2, 31, 137
List the prime factors of 8414.
2, 7, 601
List the prime factors of 53930.
2, 5, 5393
What are the prime factors of 2192?
2, 137
What are the prime factors of 30201?
3, 10067
List the prime factors of 585.
3, 5, 13
What are the prime factors of 43663?
47, 929
List the prime factors of 45695.
5, 13, 19, 37
List the prime factors of 5935.
5, 1187
What are the prime factors of 39802?
2, 7, 2843
What are the prime factors of 1590?
2, 3, 5, 53
List the prime factors of 84.
2, 3, 7
What are the prime factors of 765?
3, 5, 17
What are the prime factors of 2541?
3, 7, 11
What are the prime factors of 14429?
47, 307
List the prime factors of 1366.
2, 683
What are the prime factors of 16748?
2, 53, 79
What are the prime factors of 818?
2, 409
What are the prime factors of 7074?
2, 3, 131
What are the prime factors of 162112?
2, 17, 149
List the prime factors of 3247.
17, 191
What are the prime factors of 4742?
2, 2371
What are the prime factors of 17?
17
What are the prime factors of 1820?
2, 5, 7, 13
List the prime factors of 32895.
3, 5, 17, 43
List the prime factors of 455.
5, 7, 13
What are the prime factors of 55532?
2, 13883
What are the prime factors of 793?
13, 61
List the prime factors of 91173.
3, 30391
List the prime factors of 69804.
2, 3, 7, 277
What are the prime factors of 594?
2, 3, 11
List the prime factors of 484.
2, 11
What are the prime factors of 171528?
2, 3, 7, 1021
List the prime factors of 9286.
2, 4643
What are the prime factors of 93?
3, 31
What are the prime factors of 1644?
2, 3, 137
List the prime factors of 1378.
2, 13, 53
List the prime factors of 22196.
2, 31, 179
What are the prime factors of 1669?
1669
List the prime factors of 61.
61
List the prime factors of 499.
499
List the prime factors of 182.
2, 7, 13
List the prime factors of 52113.
3, 29, 599
What are the prime factors of 1650?
2, 3, 5, 11
What are the prime factors of 27159?
3, 11, 823
List the prime factors of 72803.
47, 1549
What are the prime factors of 84138?
2, 3, 37, 379
List the prime factors of 3198.
2, 3, 13, 41
List the prime factors of 11194.
2, 29, 193
What are the prime factors of 1719?
3, 191
What are the prime factors of 1493?
1493
What are the prime factors of 7278?
2, 3, 1213
What are the prime factors of 4290?
2, 3, 5, 11, 13
List the prime factors of 1083.
3, 19
What are the prime factors of 1310?
2, 5, 131
List the prime factors of 25736.
2, 3217
What are the prime factors of 275?
5, 11
What are the prime factors of 102912?
2, 3, 67
List the prime factors of 1357.
23, 59
List the prime factors of 1374.
2, 3, 229
What are the prime factors of 636?
2, 3, 53
What are the prime factors of 18152?
2, 2269
List the prime factors of 1098.
2, 3, 61
List the prime factors of 9913.
23, 431
What are the prime factors of 49408?
2, 193
List the prime factors of 345.
3, 5, 23
List the prime factors of 1263.
3, 421
What are the prime factors of 66?
2, 3, 11
What are the prime factors of 224?
2, 7
List the prime factors of 18005.
5, 13, 277
List the prime factors of 7426.
2, 47, 79
List the prime factors of 7077.
3, 7, 337
What are the prime factors of 14468?
2, 3617
What are the prime factors of 283?
283
What are the prime factors of 117648?
2, 3, 19, 43
What are the prime factors of 680?
2, 5, 17
What are the prime factors of 174?
2, 3, 29
List the prime factors of 86263.
86263
List the prime factors of 1200.
2, 3, 5
List the prime factors of 937.
937
What are the prime factors of 4330?
2, 5, 433
What are the prime factors of 18875?
5, 151
List the prime factors of 6177.
3, 29, 71
What are the prime factors of 6180?
2, 3, 5, 103
List the prime factors of 3979.
23, 173
List the prime factors of 9991.
97, 103
List the prime factors of 3.
3
What are the prime factors of 38215?
5, 7643
List the prime factors of 43520.
2, 5, 17
What are the prime factors of 21594?
2, 3, 59, 61
List the prime factors of 12609.
3, 467
List the prime factors of 1358.
2, 7, 97
What are the prime factors of 665?
5, 7, 19
List the prime factors of 3431.
47, 73
List the prime factors of 104339.
103, 1013
List the prime factors of 9013.
9013
List the prime factors of 8298.
2, 3, 461
List the prime factors of 4278.
2, 3, 23, 31
What are the prime factors of 59437?
7, 1213
List the prime factors of 545.
5, 109
List the prime factors of 6203.
6203
List the prime factors of 34778.
2, 17389
List the prime factors of 94241.
7, 13463
List the prime factors of 24659.
24659
What are the prime factors of 181?
181
List the prime factors of 15528.
2, 3, 647
What are the prime factors of 15702?
2, 3, 2617
What are the prime factors of 302?
2, 151
What are the prime factors of 37753?
19, 1987
List the prime factors of 30487.
43, 709
What are the prime factors of 2305?
5, 461
What are the prime factors of 7343?
7, 1049
What are the prime factors of 591?
3, 197
What are the prime factors of 12922?
2, 7, 13, 71
List the prime factors of 32130.
2, 3, 5, 7, 17
What are the prime factors of 1270?
2, 5, 127
What are the prime factors of 7871?
17, 463
List the prime factors of 47.
47
What are the prime factors of 1753?
1753
What are the prime factors of 1028?
2, 257
List the prime factors of 3307.
3307
What are the prime factors of 154191?
3, 103, 499
List the prime factors of 5270.
2, 5, 17, 31
List the prime factors of 1994.
2, 997
What are the prime factors of 5776?
2, 19
What are the prime factors of 11891?
11, 23, 47
List the prime factors of 9101.
19, 479
What are the prime factors of 11184?
2, 3, 233
What are the prime factors of 219?
3, 73
List the prime factors of 10084.
2, 2521
List the prime factors of 26569.
163
What are the prime factors of 16232?
2, 2029
What are the prime factors of 184?
2, 23
List the prime factors of 112.
2, 7
List the prime factors of 7167.
3, 2389
What are the prime factors of 1623?
3, 541
What are the prime factors of 3856?
2, 241
What are the prime factors of 170?
2, 5, 17
What are the prime factors of 36178?
2, 18089
